, what is 4 + -2303?
-2255
In base 15, what is -b + 131?
125
In base 2, what is 11 - 1101100000?
-1101011101
In base 4, what is -10 - 1112?
-1122
In base 9, what is -14 + -61?
-75
In base 14, what is -6 + 32?
2a
In base 8, what is 12 + -1131?
-1117
In base 4, what is 32 + -123?
-31
In base 13, what is -252 - 3?
-255
In base 16, what is 8 + -1?
7
In base 4, what is 2012 + 13?
2031
In base 12, what is 3b16 - -5?
3b1b
In base 10, what is -1998 + -3?
-2001
In base 4, what is -123 - -12?
-111
In base 6, what is -12 + 343?
331
In base 15, what is -9 - -2c?
23
In base 11, what is -1177 - -5?
-1172
In base 11, what is -11151 - -3?
-11149
In base 15, what is 4 - 10?
-b
In base 7, what is 122 + 130?
252
In base 4, what is -11223 - -2?
-11221
In base 8, what is -260 - 5?
-265
In base 9, what is -113 + -6?
-120
In base 11, what is 33 + 1?
34
In base 13, what is -8784 - 3?
-8787
In base 9, what is 114 - 44?
60
In base 7, what is -5 - -102?
64
In base 13, what is -25 + -7c3?
-818
In base 11, what is 16 + a?
25
In base 10, what is 32 + -3?
29
In base 16, what is 26 - -58?
7e
In base 14, what is -1705 + 4?
-1701
In base 6, what is 3 - -232?
235
In base 14, what is 4a - -53?
9d
In base 3, what is 1211 - 21?
1120
In base 13, what is -69 - 39?
-a5
In base 8, what is -3 + 1341?
1336
In base 2, what is -100 + 101100?
101000
In base 14, what is 3 - -ad?
b2
In base 14, what is 1a + 5?
21
In base 2, what is 1110 + 11?
10001
In base 9, what is 384 - -1?
385
In base 6, what is 15 - -123?
142
In base 12, what is -192 + -9?
-19b
In base 7, what is -13011 + -1?
-13012
In base 15, what is -2d63 - 2?
-2d65
In base 4, what is -2 - -2113?
2111
In base 9, what is -38 - 328?
-367
In base 12, what is -10 + 945?
935
In base 13, what is -5 - -619?
614
In base 11, what is 0 + 5966?
5966
In base 16, what is -4 - 91?
-95
In base 3, what is 1 - -11000?
11001
In base 7, what is 2 - -625?
630
In base 9, what is -13 - -35?
22
In base 12, what is -1a9 - -1b?
-18a
In base 11, what is 3 + 61?
64
In base 13, what is -2 + -2c?
-31
In base 10, what is 9 + -4?
5
In base 10, what is -5 - -32?
27
In base 4, what is 32033 + 2?
32101
In base 14, what is -373 + 1?
-372
In base 9, what is -5 - 25?
-31
In base 2, what is -10 - 110001?
-110011
In base 16, what is 1 - -4a?
4b
In base 4, what is -110 - -20?
-30
In base 9, what is -3571 + -1?
-3572
In base 4, what is -3012 + 3?
-3003
In base 7, what is 0 + 466?
466
In base 16, what is -3 + 7?
4
In base 12, what is 257 + 4?
25b
In base 4, what is 232 + -11?
221
In base 3, what is 20202 - -101?
21010
In base 11, what is 11 - -60?
71
In base 7, what is -455 - 0?
-455
In base 2, what is -10000 - -111100?
101100
In base 16, what is -1 - b2?
-b3
In base 6, what is 120 + 20?
140
In base 8, what is 6 + -122?
-114
In base 7, what is 11 + -42?
-31
In base 12, what is -3 + -174?
-177
In base 7, what is -2051 - 1?
-2052
In base 5, what is 3 - 313?
-310
In base 8, what is -55 - -166?
111
In base 8, what is -130 - -42?
-66
In base 13, what is -5a - -1a?
-40
In base 7, what is -34 - -4?
-30
In base 8, what is 31 - -17?
50
In base 14, what is 16a1 - 5?
169a
In base 14, what is -14 - 6?
-1a
In base 14, what is -33 - -7?
-2a
In base 15, what is 407 + e?
416
In base 8, what is -5 - 664?
-671
In base 16, what is e + 2?
10
In base 9, what is -1365 - 10?
-1375
In base 15, what is -19 - -6?
-13
In base 16, what is -10 + f1?
e1
In base 7, what is -3340 + 0?
-3340
In base 12, what is -373 - -5?
-36a
In base 8, what is 23 + 1023?
1046
In base 11, what is 74 - -1?
75
In base 14, what is -3 - -4c9?
4c6
In base 7, what is 44 + -51?
-4
In base 11, what is 6 - -7?
12
In base 7, what is -566 - -12?
-554
In base 8, what is -521 + 6?
-513
In base 12, what is 53 + 0?
53
In base 6, what is 23 + -4?
15
In base 12, what is 107 + -4b?
78
In base 10, what is -1 - -3319?
3318
In base 12, what is 7 - -17?
22
In base 7, what is -340 - 2?
-342
In base 7, what is -2522 - 1?
-2523
In base 6, what is -1125 + 104?
-1021
In base 11, what is 131 - 2?
12a
In base 11, what is 1a0 - -4?
1a4
In base 13, what is 10 - c9?
-b9
In base 2, what is 1 + 10001111?
10010000
In base 15, what is 1 + -23?
-22
In base 15, what is -2 - 69e?
-6a1
In base 16, what is 176 + 0?
176
In base 12, what is -113 - 1?
-114
In base 7, what is -3 - -12610?
12604
In base 4, what is 301 + -21?
220
In base 8, what is 5 + -1437?
-1432
In base 11, what is -3 + -10a1?
-10a4
In base 12, what is -2a + 2?
-28
In base 15, what is 405 - 1?
404
In base 3, what is -11 + 122?
111
In base 13, what is -78 + 7?
-71
In base 7, what is -1350 - -4?
-1343
In base 2, what is -101 - 1000001000011?
-1000001001000
In base 12, what is 3 + -159?
-156
In base 13, what is -5 + -36?
-3b
In base 2, what is -100 - 100111?
-101011
In base 4, what is 1 - 203?
-202
In base 4, what is 13 - -13221?
13300
In base 2, what is -11011 - -11?
-11000
In base 8, what is 571 + -22?
547
In base 6, what is 53 + -1?
52
In base 3, what is -101222 - 220?
-102212
In base 11, what is 2 - 1a0?
-199
In base 14, what is 0 + -c?
-c
In base 7, what is -12 - 35?
-50
In base 12, what is 2 - 122?
-120
In base 6, what is -13 - -3?
-10
In base 13, what is 122 - 2?
120
In base 10, what is 10 + -21?
-11
In base 15, what is -b + -5?
-11
In base 9, what is 0 - -1?
1
In base 12, what is 226 - 0?
226
In base 5, what is -33 + 232?
144
In base 13, what is -142 - 0?
-142
In base 12, what is -138 - -16?
-122
In base 10, what is 8 - 5?
3
In base 15, what is -4 + 18a?
186
In base 5, what is 1013 - -21?
1034
In base 7, what is 1 - -6?
10
In base 16, what is -4 + -15?
-19
In base 13, what is 4 - 2787?
-2783
In base 2, what is -1010000 - -11111?
-110001
In base 7, what is -11212 + -5?
-11220
In base 16, what is 2 + -d9?
-d7
In base 7, what is -26 + 11?
-15
In base 11, what is -2 + 204?
202
In base 5, what is 12 - 111?
-44
In base 5, what is 1210 + 0?
1210
In base 4, what is -100 + -21?
-121
In base 8, what is 133 + 12?
145
In base 5, what is -40224 + -1?
-40230
In base 11, what is 4 + -300?
-2a7
In base 2, what is -1 - 1000?
-1001
In base 16, what is 4 - cc4?
-cc0
In base 15, what is 3 + 1c1?
1c4
In base 4, what is 1220 - -23?
1303
In base 8, what is 15 + -20?
-3
In base 6, what is -1012 - 1?
-1013
In base 11, what is a137 + 1?
a138
In base 15, what is 3 + 598?
59b
In base 15, what is -59 + -2e?
-88
In base 14, what is -18 - -70?
56
In base 4, what is 1121 - 33?
1022
In base 14, what is -16 + 4b3?
49b
In base 9, what is -1653 + 0?
-1653
In base 5, what is 1 - 1310?
-1304
In base 14, what is 83 + 3?
86
In base 3, what is -2111 + 1111?
-1000
In base 5, what is -1 - -3114?
3113
In base 4, what is 11 + 32?
103
In base 3, what is -11 - 122122?
-122210
In base 4, what is -20 + 12?
-2
In base 13, what is -20b + -5?
-213
In base 3, what is 100 + -210000?
-202200
In base 5, what is -2 - -3112?
3110
In base 2, what is 0 + -10111?
-10111
In base 4, what is 100 - -110?
210
In base 12, what is 5 + 27?
30
In base 10, what is 2 + 116?
118
In base 2, what is 1001001010110001 + 0?
1001001010110001
In base 10, what is 590 + 6?
596
In base 16, what is -4f - -1?
-4e
In base 15, what is 16 + a6?
bc
In base 3, what is 200110 + 0?
200110
In base 8, what is 13 - -7?
22
In base 12, what is 0 - -a?
a
In base 3, what is 11 + 1121?
1202
In base 4, what is -2121 - 103?
-2230
In base 8, what is -3 - -56?
53
In base 2, what is -111010 + 1011?
-101111
In base 6, what is -230 + 10?
-220
In base 12, what is 197 - -3?
19a
In base 16, what is -10d + 0?
-10d
In base 9, what is 7 + -15?
-7
In base 7, what is 6116 - -12?
6131
In base 6, what is -3102 - 4?
-3110
In base 14, what is 7b54 - 0?
7b54
In base 10, what is -13 + -1?
-14
In base 10, what is -91 + -3?
-94
In base 7, what is -533 + -21?
-554
In base 4, what is -2201 + -10?
-2211
In base 4, what is 3 - 100?
-31
In base 4, what is -220 - 131?
-1011
In base 11, what is -2 - -39?
37
In base 2, what is 1011101000 + -100?
1011100100
In base 7, what is -1535 + -2?
-1540
In base 15, what is -29 + 452?
428
In base 15, what is 2 + 71?
73
In base 5, what is -3 + 44002?
43444
In base 11, what is -1007 + -13?
-101a
In base 8, what is 22 - -1112?
1134
In base 16, what is -4a - -1?
-49
In base 12, what is -2 + -105?
-107
In base 12, what is 390 - -10?
3a0
In base 16, what is d4 + 4?
d8
In base 11, what 